{"id":2,"date":"2013-03-15T17:37:19","date_gmt":"2013-03-15T17:37:19","guid":{"rendered":"http:\/\/gisposidonie.osupytheas.fr\/?page_id=2"},"modified":"2022-01-20T14:40:47","modified_gmt":"2022-01-20T13:40:47","slug":"page-d-exemple","status":"publish","type":"page","link":"https:\/\/gisposidonie.osupytheas.fr\/?page_id=2","title":{"rendered":"Le GIS Posidonie"},"content":{"rendered":"<p style=\"text-align: justify;\"><span style=\"color: #000000;\">Le GIS Posidonie est un groupement d&rsquo;int\u00e9r\u00eat scientifique (GIS) qui effectue, depuis 1982, des recherches et des expertises en \u00e9cologie marine pour les collectivit\u00e9s r\u00e9gionales et locales, l&rsquo;Etat et les organismes internationaux. Les travaux qui lui sont confi\u00e9s sont r\u00e9alis\u00e9s par des membres de laboratoires de recherche m\u00e9diterran\u00e9ens ou des gestionnaires de l&rsquo;environnement m\u00e9diterran\u00e9ens aid\u00e9s par son \u00e9quipe permanente de chercheurs-plongeurs scientifiques. Ses activit\u00e9s sont consacr\u00e9es au milieu marin c\u00f4tier m\u00e9diterran\u00e9en : inventaires et cartographies des richesses patrimoniales, acquisition de donn\u00e9es biologiques et \u00e9cologiques sur le fond, expertise, conseil, syst\u00e8mes de surveillance, appui \u00e0 la gestion.<\/span><\/p>\n<p style=\"text-align: justify;\"><span style=\"color: #000000;\">Le GIS Posidonie effectue des recherches sur fonds d\u00e9di\u00e9s des collectivit\u00e9s locales, des minist\u00e8res, des agences de l&rsquo;Etat, des mairies littorales, des organismes internationaux et plus rarement du secteur priv\u00e9 (fondations), le plus souvent dans le cadre d&rsquo;appels \u00e0 programmes ou d&rsquo;appels d&rsquo;offres.<\/span><\/p>\n","protected":false},"excerpt":{"rendered":"<p>Le GIS Posidonie est un groupement d&rsquo;int\u00e9r\u00eat scientifique (GIS) qui effectue, depuis 1982, des recherches et des expertises en \u00e9cologie marine pour les collectivit\u00e9s r\u00e9gionales et locales, l&rsquo;Etat et les organismes internationaux. Les travaux qui lui sont confi\u00e9s sont r\u00e9alis\u00e9s par des membres de laboratoires de recherche m\u00e9diterran\u00e9ens ou des [&hellip;]<\/p>\n","protected":false},"author":6,"featured_media":0,"parent":0,"menu_order":0,"comment_status":"open","ping_status":"open","template":"","meta":{"footnotes":""},"class_list":["post-2","page","type-page","status-publish","hentry"],"_links":{"self":[{"href":"https:\/\/gisposidonie.osupytheas.fr\/index.php?rest_route=\/wp\/v2\/pages\/2","targetHints":{"allow":["GET"]}}],"collection":[{"href":"https:\/\/gisposidonie.osupytheas.fr\/index.php?rest_route=\/wp\/v2\/pages"}],"about":[{"href":"https:\/\/gisposidonie.osupytheas.fr\/index.php?rest_route=\/wp\/v2\/types\/page"}],"author":[{"embeddable":true,"href":"https:\/\/gisposidonie.osupytheas.fr\/index.php?rest_route=\/wp\/v2\/users\/6"}],"replies":[{"embeddable":true,"href":"https:\/\/gisposidonie.osupytheas.fr\/index.php?rest_route=%2Fwp%2Fv2%2Fcomments&post=2"}],"version-history":[{"count":21,"href":"https:\/\/gisposidonie.osupytheas.fr\/index.php?rest_route=\/wp\/v2\/pages\/2\/revisions"}],"predecessor-version":[{"id":3640,"href":"https:\/\/gisposidonie.osupytheas.fr\/index.php?rest_route=\/wp\/v2\/pages\/2\/revisions\/3640"}],"wp:attachment":[{"href":"https:\/\/gisposidonie.osupytheas.fr\/index.php?rest_route=%2Fwp%2Fv2%2Fmedia&parent=2"}],"curies":[{"name":"wp","href":"https:\/\/api.w.org\/{rel}","templated":true}]}}