{"id":3854,"date":"2023-01-10T15:29:50","date_gmt":"2023-01-10T14:29:50","guid":{"rendered":"https:\/\/gisposidonie.osupytheas.fr\/?page_id=3854"},"modified":"2023-04-12T08:01:42","modified_gmt":"2023-04-12T07:01:42","slug":"la-fondation-du-gis-posidonie-une-structure-originale-pour-proteger-et-connaitre-lenvironnement-marin","status":"publish","type":"page","link":"https:\/\/gisposidonie.osupytheas.fr\/?page_id=3854","title":{"rendered":"La fondation du GIS Posidonie. Une structure originale pour prot\u00e9ger et conna\u00eetre l\u2019environnement marin"},"content":{"rendered":"\n<p style=\"text-align: justify;\">Comment apporter des r\u00e9ponses concr\u00e8tes aux nombreux probl\u00e8mes de conservation de l&rsquo;environnement marin m\u00e9diterran\u00e9en ? En 1982, un groupe de scientifiques et de gestionnaires du littoral marin m\u00e9diterran\u00e9en se r\u00e9unissait afin de cr\u00e9er une structure originale d&rsquo;\u00e9tude et de protection de l&rsquo;environnement marin : le Groupement d&rsquo;Int\u00e9r\u00eat Scientifique pour la Posidonie, le G.I.S. Posidonie.<\/p>\n<p style=\"text-align: justify;\">Voil\u00e0 plus de 40 ans, \u00e0 la demande de la Mission d&rsquo;Etude et de Recherche du Minist\u00e8re de l&rsquo;Environnement fran\u00e7ais, le Parc national de Port-Cros r\u00e9unissait les participants au programme g\u00e9n\u00e9ral sur l&rsquo;herbier de posidonie qui s&rsquo;achevait, afin de susciter la cr\u00e9ation d&rsquo;un groupement sur le th\u00e8me de l&rsquo;herbier, groupement r\u00e9unissant \u00e0 la fois les gestionnaires des espaces prot\u00e9g\u00e9s et les scientifiques travaillant sur cet \u00e9cosyst\u00e8me.<\/p>\n<p style=\"text-align: justify;\">Un tel groupement devait avoir pour caract\u00e9ristiques :<br \/>&#8211; de permettre \u00e0 des chercheurs isol\u00e9s (personnes physiques), \u00e0 des laboratoires et \u00e0 des organismes publics ou priv\u00e9s (personnes morales), d&rsquo;adh\u00e9rer au groupement et de travailler conjointement;<br \/>&#8211; de pouvoir acc\u00e9der \u00e0 des financements de toute provenance : CNEXO, LEP, CNRS, minist\u00e8res, collectivit\u00e9s, conseil r\u00e9gional, conseil g\u00e9n\u00e9ral, organismes publics, fonds priv\u00e9s;<br \/>&#8211; d&rsquo;avoir une existence juridique incontest\u00e9e.<br \/>Par cons\u00e9quent, la formule qui paraissait la plus adapt\u00e9e tant dans sa souplesse que dans le respect de la l\u00e9gislation fran\u00e7aise \u00e9tait le statut d&rsquo;association loi 1901.<\/p>\n<p style=\"text-align: justify;\">Le Professeur Roger Molinier de l&rsquo;Universit\u00e9 de Marseille, le Commandant Philippe Taillez, pionnier de la plong\u00e9e sous-marine, Patrice Lardeau du CNEXO, qui allait devenir l&rsquo;IFREMER et Jannick Olivier du Parc national de Port-Cros ont \u00e9t\u00e9 les fondateurs de cette structure d&rsquo;expertise des herbiers de posidonie. Les statuts de ce groupe ayant pour ambition de prot\u00e9ger et d&rsquo;\u00e9tudier la posidonie ont \u00e9t\u00e9 d\u00e9pos\u00e9s le 29 mars 1982 en Pr\u00e9fecture du Var. La cr\u00e9ation du Groupement d&rsquo;Int\u00e9r\u00eat Scientifique Posidonie &#8211; GIS Posidonie paraissait au Journal Officiel du 14 avril 1982.<\/p>\n<p style=\"text-align: justify;\">Le nom de l&rsquo;association GIS Posidonie fait r\u00e9f\u00e9rence \u00e0 une plante marine \u00e0 fleur <em>Posidonia oceanica<\/em> indispensable \u00e0 la vie en M\u00e9diterran\u00e9e. Les fondateurs, tout en rendant hommage \u00e0 la nature, soulignaient l&rsquo;imp\u00e9rieuse n\u00e9cessit\u00e9 d&rsquo;\u00e9tudier l&rsquo;environnement marin et de le pr\u00e9server.<\/p>\n<p style=\"text-align: justify;\">C&rsquo;est pr\u00e9cis\u00e9ment la t\u00e2che \u00e0 laquelle s&rsquo;appliquent, depuis plus de 30 ans, les scientifiques et gestionnaires du GIS Posidonie et son \u00e9quipe permanente, sous la pr\u00e9sidence historique du Professeur Charles-Fran\u00e7ois Boudouresque. Le GIS Posidonie a r\u00e9alis\u00e9 \u00e0 ce jour plus de 400 \u00e9tudes sur la c\u00f4te m\u00e9diterran\u00e9enne fran\u00e7aise et hors de France avec des partenaires \u00e9trangers et organis\u00e9 8 colloques internationaux. Il \u0153uvre pour la connaissance et d\u00e9veloppe des m\u00e9thodes de suivi des \u00e9cosyst\u00e8mes c\u00f4tiers.<\/p>\n<p style=\"text-align: justify;\">Le GIS Posidonie participe, aussi souvent que possible, \u00e0 la diffusion \u00e0 la communaut\u00e9 scientifique, aux gestionnaires et aux d\u00e9cideurs, parfois aussi au grand-public, d&rsquo;un savoir objectif et scientifiquement \u00e9tay\u00e9. Aujourd&rsquo;hui, le bilan des connaissances mises \u00e0 la disposition de la communaut\u00e9 est important. Des lois, des outils de protection et de suivi, des syst\u00e8mes de surveillance ont \u00e9t\u00e9 mis en place avec l&rsquo;aide des chercheurs de l&rsquo;Universit\u00e9 et du CNRS pour une meilleure conservation et une gestion durable des \u00e9cosyst\u00e8mes marins m\u00e9diterran\u00e9ens.<\/p>\n<p style=\"text-align: justify;\"><\/p>\n","protected":false},"excerpt":{"rendered":"<p>Comment apporter des r\u00e9ponses concr\u00e8tes aux nombreux probl\u00e8mes de conservation de l&rsquo;environnement marin m\u00e9diterran\u00e9en ? En 1982, un groupe de scientifiques et de gestionnaires du littoral marin m\u00e9diterran\u00e9en se r\u00e9unissait afin de cr\u00e9er une structure originale d&rsquo;\u00e9tude et de protection de l&rsquo;environnement marin : le Groupement d&rsquo;Int\u00e9r\u00eat Scientifique pour la [&hellip;]<\/p>\n","protected":false},"author":4,"featured_media":0,"parent":0,"menu_order":0,"comment_status":"closed","ping_status":"closed","template":"","meta":{"footnotes":""},"class_list":["post-3854","page","type-page","status-publish","hentry"],"_links":{"self":[{"href":"https:\/\/gisposidonie.osupytheas.fr\/index.php?rest_route=\/wp\/v2\/pages\/3854","targetHints":{"allow":["GET"]}}],"collection":[{"href":"https:\/\/gisposidonie.osupytheas.fr\/index.php?rest_route=\/wp\/v2\/pages"}],"about":[{"href":"https:\/\/gisposidonie.osupytheas.fr\/index.php?rest_route=\/wp\/v2\/types\/page"}],"author":[{"embeddable":true,"href":"https:\/\/gisposidonie.osupytheas.fr\/index.php?rest_route=\/wp\/v2\/users\/4"}],"replies":[{"embeddable":true,"href":"https:\/\/gisposidonie.osupytheas.fr\/index.php?rest_route=%2Fwp%2Fv2%2Fcomments&post=3854"}],"version-history":[{"count":2,"href":"https:\/\/gisposidonie.osupytheas.fr\/index.php?rest_route=\/wp\/v2\/pages\/3854\/revisions"}],"predecessor-version":[{"id":4042,"href":"https:\/\/gisposidonie.osupytheas.fr\/index.php?rest_route=\/wp\/v2\/pages\/3854\/revisions\/4042"}],"wp:attachment":[{"href":"https:\/\/gisposidonie.osupytheas.fr\/index.php?rest_route=%2Fwp%2Fv2%2Fmedia&parent=3854"}],"curies":[{"name":"wp","href":"https:\/\/api.w.org\/{rel}","templated":true}]}}